
5, 7
List the prime factors of 6104.
2, 7, 109
List the prime factors of 16008.
2, 3, 23, 29
List the prime factors of 615.
3, 5, 41
What are the prime factors of 850?
2, 5, 17
What are the prime factors of 481?
13, 37
What are the prime factors of 28403?
28403
List the prime factors of 33865.
5, 13, 521
List the prime factors of 62766.
2, 3, 11, 317
What are the prime factors of 8092?
2, 7, 17
List the prime factors of 6987.
3, 17, 137
What are the prime factors of 11980?
2, 5, 599
List the prime factors of 391.
17, 23
List the prime factors of 17137.
17137
What are the prime factors of 366?
2, 3, 61
List the prime factors of 1097.
1097
List the prime factors of 54164.
2, 11, 1231
List the prime factors of 559.
13, 43
List the prime factors of 28470.
2, 3, 5, 13, 73
What are the prime factors of 492?
2, 3, 41
List the prime factors of 537.
3, 179
What are the prime factors of 148?
2, 37
What are the prime factors of 1569?
3, 523
What are the prime factors of 58624?
2, 229
What are the prime factors of 103993?
103993
List the prime factors of 4045.
5, 809
List the prime factors of 56751.
3, 18917
What are the prime factors of 1620?
2, 3, 5
List the prime factors of 750.
2, 3, 5
What are the prime factors of 338?
2, 13
What are the prime factors of 4931?
4931
What are the prime factors of 17831?
11, 1621
List the prime factors of 2191.
7, 313
List the prime factors of 12726.
2, 3, 7, 101
List the prime factors of 1675.
5, 67
List the prime factors of 95997.
3, 11, 2909
What are the prime factors of 441?
3, 7
What are the prime factors of 28?
2, 7
List the prime factors of 2920.
2, 5, 73
List the prime factors of 7566.
2, 3, 13, 97
What are the prime factors of 6109?
41, 149
What are the prime factors of 15654?
2, 3, 2609
What are the prime factors of 773?
773
What are the prime factors of 290?
2, 5, 29
What are the prime factors of 7114?
2, 3557
What are the prime factors of 4637?
4637
What are the prime factors of 30178?
2, 79, 191
List the prime factors of 17706.
2, 3, 13, 227
What are the prime factors of 1700?
2, 5, 17
List the prime factors of 41845.
5, 8369
List the prime factors of 39057.
3, 47, 277
List the prime factors of 89221.
11, 8111
List the prime factors of 40485.
3, 5, 2699
What are the prime factors of 690?
2, 3, 5, 23
What are the prime factors of 6282?
2, 3, 349
What are the prime factors of 558?
2, 3, 31
What are the prime factors of 8252?
2, 2063
List the prime factors of 4149.
3, 461
List the prime factors of 20715.
3, 5, 1381
What are the prime factors of 37304?
2, 4663
List the prime factors of 995.
5, 199
List the prime factors of 485.
5, 97
What are the prime factors of 1452?
2, 3, 11
What are the prime factors of 1552?
2, 97
What are the prime factors of 34085?
5, 17, 401
List the prime factors of 2120.
2, 5, 53
List the prime factors of 62367.
3, 20789
List the prime factors of 245.
5, 7
List the prime factors of 30447.
3, 17, 199
What are the prime factors of 12419?
11, 1129
What are the prime factors of 884?
2, 13, 17
What are the prime factors of 80212?
2, 11, 1823
List the prime factors of 1713.
3, 571
What are the prime factors of 3484?
2, 13, 67
What are the prime factors of 6616?
2, 827
What are the prime factors of 1132?
2, 283
List the prime factors of 1780.
2, 5, 89
List the prime factors of 332.
2, 83
List the prime factors of 4292.
2, 29, 37
List the prime factors of 7079.
7079
List the prime factors of 761.
761
List the prime factors of 28689.
3, 73, 131
List the prime factors of 109114.
2, 89, 613
List the prime factors of 711.
3, 79
What are the prime factors of 7416?
2, 3, 103
List the prime factors of 165.
3, 5, 11
List the prime factors of 33.
3, 11
List the prime factors of 72304.
2, 4519
List the prime factors of 1046.
2, 523
What are the prime factors of 163222?
2, 81611
List the prime factors of 15580.
2, 5, 19, 41
List the prime factors of 30357.
3, 3373
List the prime factors of 2161.
2161
What are the prime factors of 4343?
43, 101
List the prime factors of 289.
17
What are the prime factors of 23350?
2, 5, 467
What are the prime factors of 7308?
2, 3, 7, 29
What are the prime factors of 6024?
2, 3, 251
List the prime factors of 5820.
2, 3, 5, 97
List the prime factors of 136789.
37, 3697
List the prime factors of 10555.
5, 2111
List the prime factors of 8348.
2, 2087
List the prime factors of 1498.
2, 7, 107
What are the prime factors of 25471?
25471
What are the prime factors of 51524?
2, 11, 1171
List the prime factors of 1099.
7, 157
What are the prime factors of 62227?
11, 5657
List the prime factors of 27386.
2, 13693
List the prime factors of 7083.
3, 787
List the prime factors of 1674.
2, 3, 31
What are the prime factors of 1864?
2, 233
List the prime factors of 10009.
10009
List the prime factors of 13540.
2, 5, 677
List the prime factors of 2741.
2741
What are the prime factors of 131635?
5, 7, 3761
List the prime factors of 93576.
2, 3, 7, 557
What are the prime factors of 20?
2, 5
List the prime factors of 1408.
2, 11
List the prime factors of 353.
353
List the prime factors of 73734.
2, 3, 12289
What are the prime factors of 5240?
2, 5, 131
List the prime factors of 35034.
2, 3, 5839
List the prime factors of 29218.
2, 7, 2087
What are the prime factors of 350?
2, 5, 7
List the prime factors of 51658.
2, 23, 1123
List the prime factors of 29133.
3, 13, 83
What are the prime factors of 33318?
2, 3, 617
List the prime factors of 5820.
2, 3, 5, 97
List the prime factors of 37856.
2, 7, 13
What are the prime factors of 636?
2, 3, 53
List the prime factors of 11172.
2, 3, 7, 19
List the prime factors of 903.
3, 7, 43
List the prime factors of 8840.
2, 5, 13, 17
List the prime factors of 16043.
61, 263
What are the prime factors of 338?
2, 13
What are the prime factors of 6341?
17, 373
List the prime factors of 5592.
2, 3, 233
List the prime factors of 6170.
2, 5, 617
What are the prime factors of 12529?
11, 17, 67
List the prime factors of 3024.
2, 3, 7
What are the prime factors of 1676?
2, 419
What are the prime factors of 2299?
11, 19
What are the prime factors of 1210?
2, 5, 11
What are the prime factors of 1039?
1039
What are the prime factors of 1557?
3, 173
What are the prime factors of 19221?
3, 43, 149
What are the prime factors of 6266?
2, 13, 241
List the prime factors of 14595.
3, 5, 7, 139
List the prime factors of 2182.
2, 1091
List the prime factors of 42088.
2, 5261
List the prime factors of 823.
823
List the prime factors of 465.
3, 5, 31
What are the prime factors of 4197?
3, 1399
List the prime factors of 167.
167
List the prime factors of 4175.
5, 167
What are the prime factors of 10124?
2, 2531
What are the prime factors of 615?
3, 5, 41
List the prime factors of 9590.
2, 5, 7, 137
What are the prime factors of 14?
2, 7
List the prime factors of 693.
3, 7, 11
List the prime factors of 2503.
2503
List the prime factors of 2229.
3, 743
List the prime factors of 13448.
2, 41
List the prime factors of 2584.
2, 17, 19
List the prime factors of 27683.
19, 31, 47
What are the prime factors of 12729?
3, 4243
What are the prime factors of 3849?
3, 1283
What are the prime factors of 8499?
3, 2833
List the prime factors of 16133.
13, 17, 73
What are the prime factors of 1265?
5, 11, 23
List the prime factors of 9891.
3, 7, 157
What are the prime factors of 4691?
4691
List the prime factors of 492.
2, 3, 41
List the prime factors of 8121.
3, 2707
What are the prime factors of 257?
257
List the prime factors of 2082.
2, 3, 347
List the prime factors of 1004.
2, 251
List the prime factors of 1495.
5, 13, 23
List the prime factors of 593.
593
List the prime factors of 3291.
3, 1097
What are the prime factors of 396?
2, 3, 11
What are the prime factors of 9626?
2, 4813
What are the prime factors of 8566?
2, 4283
List the prime factors of 762.
2, 3, 127
List the prime factors of 831.
3, 277
What are the prime factors of 4426?
2, 2213
List the prime factors of 5342.
2, 2671
What are the prime factors of 7795?
5, 1559
List the prime factors of 1056.
2, 3, 11
What are the prime factors of 4823?
7, 13, 53
What are the prime factors of 43723?
23, 1901
List the prime factors of 96909.
3, 32303
List the prime factors of 34991.
11, 3181
What are the prime factors of 7784?
2, 7, 139